{"id":172,"date":"2024-12-04T11:30:24","date_gmt":"2024-12-04T10:30:24","guid":{"rendered":"https:\/\/www.studiohimmelstormer.com\/?page_id=172"},"modified":"2024-12-09T11:23:17","modified_gmt":"2024-12-09T10:23:17","slug":"home","status":"publish","type":"page","link":"https:\/\/www.studiohimmelstormer.com\/?page_id=172","title":{"rendered":"Hei!"},"content":{"rendered":"\n<p>Jeg skaper opplevelser med lys \u2013 fra dynamiske byrom, gjennom balanserte kontorer til stemningsfulle scener. Som arkitektonisk lys- og strategisk designer hos Norconsult AS kombinerer jeg design, teknologi og b\u00e6rekraft for \u00e5 forme milj\u00f8er som inspirerer og engasjerer.<\/p>\n\n\n\n<p>Min lysreise startet som lystekniker i 2006, hvor jeg p\u00e5 Folken oppdaget kraften i lyset, og l\u00e6rte kunsten \u00e5 balansere teknikk og kreativitet. Siden den gang har jeg utdannet meg til <a href=\"https:\/\/www.usn.no\/studier\/bachelor-i-arkitektonisk-lysdesign\/\">lysdesigner<\/a> (2012) og <a href=\"https:\/\/www.ntnu.no\/studier\/mtdo\/strategisk-design-og-tjenesteutvikling\">strategisk designer<\/a> (2023), og samlet erfaring fra b\u00e5de scenelys, byutvikling og komplekse tverrfaglige prosjekter.<\/p>\n\n\n\n<p>Ved siden av jobben engasjerer jeg meg i lysdesign og lysteknikk for konserter og eventer \u2013 alltid p\u00e5 jakt etter det perfekte samspillet mellom kunst, teknologi og f\u00f8lelser. Jeg drives av \u00e5 finne l\u00f8sninger som kombinerer estetikk, funksjon og menneskelige behov p\u00e5 en spennende m\u00e5te.<\/p>\n\n\n\n<figure class=\"wp-block-image size-large\" id=\"home\"><img loading=\"lazy\" decoding=\"async\" width=\"1024\" height=\"682\" src=\"https:\/\/www.studiohimmelstormer.com\/wp-content\/uploads\/2024\/12\/img_1273-1-1024x682.jpg\" alt=\"\" class=\"wp-image-196\" srcset=\"https:\/\/www.studiohimmelstormer.com\/wp-content\/uploads\/2024\/12\/img_1273-1-1024x682.jpg 1024w, https:\/\/www.studiohimmelstormer.com\/wp-content\/uploads\/2024\/12\/img_1273-1-300x200.jpg 300w, https:\/\/www.studiohimmelstormer.com\/wp-content\/uploads\/2024\/12\/img_1273-1-768x512.jpg 768w, https:\/\/www.studiohimmelstormer.com\/wp-content\/uploads\/2024\/12\/img_1273-1-1536x1024.jpg 1536w, https:\/\/www.studiohimmelstormer.com\/wp-content\/uploads\/2024\/12\/img_1273-1.jpg 2000w\" sizes=\"auto, (max-width: 1024px) 100vw, 1024px\" \/><\/figure>\n\n\n\n<p class=\"is-style-text-subtitle has-small-font-size is-style-text-subtitle--1\"><a href=\"https:\/\/www.instagram.com\/photosbygrethe\/\" title=\"Foto: Grethe Nygaard\">Foto: Grethe Nygaard<\/a><\/p>\n\n\n\n<p><\/p>\n","protected":false},"excerpt":{"rendered":"<p>Jeg skaper opplevelser med lys \u2013 fra dynamiske byrom, gjennom balanserte kontorer til stemningsfulle scener. Som arkitektonisk lys- og strategisk designer hos Norconsult AS kombinerer jeg design, teknologi og b\u00e6rekraft for \u00e5 forme milj\u00f8er som inspirerer og engasjerer. Min lysreise startet som lystekniker i 2006, hvor jeg p\u00e5 Folken oppdaget kraften i lyset, og l\u00e6rte [&hellip;]<\/p>\n","protected":false},"author":1,"featured_media":0,"parent":0,"menu_order":1,"comment_status":"closed","ping_status":"closed","template":"","meta":{"om_disable_all_campaigns":false,"_monsterinsights_skip_tracking":false,"_monsterinsights_sitenote_active":false,"_monsterinsights_sitenote_note":"","_monsterinsights_sitenote_category":0,"_uf_show_specific_survey":0,"_uf_disable_surveys":false,"footnotes":""},"class_list":["post-172","page","type-page","status-publish","hentry"],"aioseo_notices":[],"_links":{"self":[{"href":"https:\/\/www.studiohimmelstormer.com\/index.php?rest_route=\/wp\/v2\/pages\/172","targetHints":{"allow":["GET"]}}],"collection":[{"href":"https:\/\/www.studiohimmelstormer.com\/index.php?rest_route=\/wp\/v2\/pages"}],"about":[{"href":"https:\/\/www.studiohimmelstormer.com\/index.php?rest_route=\/wp\/v2\/types\/page"}],"author":[{"embeddable":true,"href":"https:\/\/www.studiohimmelstormer.com\/index.php?rest_route=\/wp\/v2\/users\/1"}],"replies":[{"embeddable":true,"href":"https:\/\/www.studiohimmelstormer.com\/index.php?rest_route=%2Fwp%2Fv2%2Fcomments&post=172"}],"version-history":[{"count":13,"href":"https:\/\/www.studiohimmelstormer.com\/index.php?rest_route=\/wp\/v2\/pages\/172\/revisions"}],"predecessor-version":[{"id":213,"href":"https:\/\/www.studiohimmelstormer.com\/index.php?rest_route=\/wp\/v2\/pages\/172\/revisions\/213"}],"wp:attachment":[{"href":"https:\/\/www.studiohimmelstormer.com\/index.php?rest_route=%2Fwp%2Fv2%2Fmedia&parent=172"}],"curies":[{"name":"wp","href":"https:\/\/api.w.org\/{rel}","templated":true}]}}